{"id":11,"date":"2023-04-27T08:41:44","date_gmt":"2023-04-27T08:41:44","guid":{"rendered":"https:\/\/oss.uzz.fberg.tuke.sk\/?page_id=11"},"modified":"2023-07-13T09:31:52","modified_gmt":"2023-07-13T09:31:52","slug":"vyskum","status":"publish","type":"page","link":"https:\/\/omv.uzz.fberg.tuke.sk\/index.php\/vyskum\/","title":{"rendered":"V\u00fdskum"},"content":{"rendered":"\n<p>Vybran\u00e9 projekty rie\u0161en\u00e9 pracovn\u00edkmi Oddelenia mont\u00e1nnych diel:<\/p>\n\n\n\n<ul class=\"wp-block-list\">\n<li>Medzin\u00e1rodn\u00fd projekt: Projekt MineTALC &#8211; Backfill Mining Optimisation for Low- and Medium- Strength Deposits (<a href=\"https:\/\/minetalc.fberg.tuke.sk\/\">https<\/a><a href=\"https:\/\/minetalc.fberg.tuke.sk\/\">:\/\/<\/a><a href=\"https:\/\/minetalc.fberg.tuke.sk\/\">minetalc.fberg.tuke.sk<\/a>), doba rie\u0161enia projektu: 2020 \u2013 2023, Ved\u00faci projektu: doc. Ing. Marian \u0160ofranko, PhD.<\/li>\n<\/ul>\n\n\n\n<ul class=\"wp-block-list\">\n<li>Medzin\u00e1rodn\u00fd projekt: EIT RM KAVA \u2013 MC CEMP: Masters course in circular economy for materials processing \u2013 collaborating, training and supporting RIS countries to transfer knowledge and develop capacity, doba rie\u0161enia projektu: 2018 \u2013 2021, ved\u00faci \u010dasti projektu: \u0160v\u00e9dsko, spolurie\u0161ite\u013e projektu: doc. Ing. Marian \u0160ofranko, PhD.<\/li>\n<\/ul>\n\n\n\n<ul class=\"wp-block-list\">\n<li>Medzin\u00e1rodn\u00fd project: European Commission, Directorate general for research &amp; innovation, Directorate G \u2013 Industrial technologies, G. 5 \u2013 Research fund for coal and steel, \u010c\u00edslo projektu: Project COGAR RFCR-CT-2013-00002, N\u00e1zov projektu: \u201eUnderground Coal Gasification in operating mines and areas of hogh vulnerability\u201c, doba rie\u0161enia projektu: 2013-2016, zodp. rie\u0161ite\u013e za SR: doc. Ing. Juraj \u010eurove, PhD.,<\/li>\n<\/ul>\n\n\n\n<ul class=\"wp-block-list\">\n<li>Agent\u00fara na podporu v\u00fdskumu a v\u00fdvoja, \u010c\u00edslo projektu: APVV-0582-06, Nazov projektu: \u201ePodzemn\u00e9 sply\u0148ovanie uhlia termick\u00fdm rozkladom\u201c, doba rie\u0161enia projektu: 2007-2010, zodp. rie\u0161ite\u013e: prof. Ing. Karol Kost\u00far, CSc.,<\/li>\n<\/ul>\n\n\n\n<ul class=\"wp-block-list\">\n<li>Grantov\u00e1 agent\u00fara VEGA, projekt \u010d. 1\/0588\/21 \u201eV\u00fdskum a v\u00fdvoj nov\u00fdch met\u00f3d na b\u00e1ze princ\u00edpov modelovania, logistiky a simul\u00e1cie pri riaden\u00ed interakcie procesov dob\u00fdvania suroviny a zakladania \u0165a\u017eobn\u00fdch blokov s oh\u013eadom na ekonomick\u00fa efekt\u00edvnos\u0165 a bezpe\u010dnos\u0165 \u0165a\u017eby surov\u00edn.\u201c, doba rie\u0161enia projektu: 2021 \u2013 2024, zodp. rie\u0161ite\u013e: doc. Ing. Marian \u0160ofranko, PhD.<\/li>\n<\/ul>\n\n\n\n<ul class=\"wp-block-list\">\n<li>Grantov\u00e1 agent\u00fara VEGA, projekt \u010d. 1\/1206\/12 \u201eV\u00fdskum bansk\u00e9ho prostredia pre vytvorenie metodiky zav\u00e1dzania modern\u00fdch techn\u00edk a technol\u00f3gi\u00ed zvy\u0161uj\u00facich bezpe\u010dnos\u0165 prev\u00e1dzky\u201c, doba rie\u0161enia: 2012-2014, zodp. rie\u0161ite\u013e: Ing. Marian \u0160ofranko, PhD.<\/li>\n<\/ul>\n\n\n\n<ul class=\"wp-block-list\">\n<li>Grantov\u00e1 agent\u00fara VEGA, projekt \u010d. 1\/0962\/11 \u201eV\u00fdskum mo\u017enosti nede\u0161trukt\u00edvneho sk\u00fa\u0161ania prechodu oce\u013eov\u00e9ho lana do koncovky pomocou magnetick\u00fdch rozptylov\u00fdch tokov.\u201c, doba rie\u0161enia: 2011-2013, zodp. rie\u0161ite\u013e: doc. Ing. Pavel Peterka, PhD.<\/li>\n<\/ul>\n\n\n\n<ul class=\"wp-block-list\">\n<li>Grantov\u00e1 agent\u00fara VEGA, projekt \u010d. 1\/0370\/10 \u201eSk\u00famanie vplyvov technol\u00f3gi\u00ed podzemn\u00e9ho sply\u0148ovania uhlia na \u017eivotn\u00e9 prostredie v podmienkach Slovenska.\u201c, doba rie\u0161enia: 2010-2011, zodp. rie\u0161ite\u013e: Ing. Erika \u0160kvarekov\u00e1, PhD.<\/li>\n<\/ul>\n\n\n\n<ul class=\"wp-block-list\">\n<li>Grantov\u00e1 agent\u00fara VEGA, projekt \u010d. 1\/0415\/09 \u201eV\u00fdskum technol\u00f3gi\u00ed hlbinn\u00e9ho dob\u00fdvania ur\u00e1nov\u00fdch lo\u017e\u00edsk vo vz\u0165ahu k bezpe\u010dnosti a \u017eivotn\u00e9mu prostrediu.\u201c, doba rie\u0161enia: 2009-2011, zodp. rie\u0161ite\u013e: prof. Ing. Viliam Bauer, PhD.,<\/li>\n<\/ul>\n\n\n\n<ul class=\"wp-block-list\">\n<li>Grantov\u00e1 agent\u00fara VEGA, projekt \u010d. 1\/0447\/08 \u201eAnal\u00fdza stability a nap\u00e4tosti vn\u00fatroblokov\u00fdch pilierov v\u00fdstupkov\u00e9ho dob\u00fdvania na magnezitov\u00fdch lo\u017eisk\u00e1ch\u201c, doba rie\u0161enia: 2008-2010, zodp. rie\u0161ite\u013e: Ing. Pavol Vavrek, PhD.,<\/li>\n<\/ul>\n\n\n\n<ul class=\"wp-block-list\">\n<li>Grantov\u00e1 agent\u00fara VEGA, projekt \u010d. 1\/0467\/08 \u201eV\u00fdskum stability horninov\u00e9ho mas\u00edvu pri podzemnej \u0165a\u017ebe hned\u00e9ho uhlia z h\u013eadiska zv\u00fd\u0161enia bezpe\u010dnosti a ochrany ban\u00edkov pri pr\u00e1ci.\u201c, doba rie\u0161enia: 2008-2010, zodp. rie\u0161ite\u013e: doc. Ing. Juraj \u010eurove, PhD.,<\/li>\n<\/ul>\n\n\n\n<ul class=\"wp-block-list\">\n<li>Grantov\u00e1 agent\u00fara VEGA, projekt \u010d. 1\/3304\/06 \u201eV\u00fdskum a anal\u00fdza rizikov\u00fdch procesov v podzemn\u00fdch.priestoroch opusten\u00fdch ban\u00ed..\u201c, doba rie\u0161enia: 2006-2008, zodp. rie\u0161ite\u013e: prof. Ing. Viliam Bauer, PhD.<\/li>\n<\/ul>\n\n\n\n<ul class=\"wp-block-list\">\n<li>Projekt aplikovan\u00e9ho v\u00fdskumu pre prax &#8211; V\u00fdskum a pos\u00fadenie bezpe\u010dnostn\u00fdch riz\u00edk a koncepcie vetrania pre \u010fal\u0161\u00ed postup \u0165a\u017eby na lo\u017eisku mastenca Gem. Poloma &#8211; zodpovedn\u00fd rie\u0161ite\u013e:doc. Ing. Marian \u0160ofranko, PhD., 2020<\/li>\n<\/ul>\n\n\n\n<ul class=\"wp-block-list\">\n<li>Projekt aplikovan\u00e9ho v\u00fdskumu pre prax &#8211; N\u00e1vrh otv\u00e1rky, pr\u00edpravy a dob\u00fdvania W &#8211; Mo lo\u017eiska Ochtin\u00e1 I. &#8211; zodpovedn\u00fd rie\u0161ite\u013e:doc. Ing. Marian \u0160ofranko, PhD., 2019<\/li>\n<\/ul>\n\n\n\n<ul class=\"wp-block-list\">\n<li>Projekt aplikovan\u00e9ho v\u00fdskumu pre prax &#8211; Ideov\u00fd n\u00e1vrh otv\u00e1rky a dob\u00fdvania W &#8211; Mo lo\u017eiska Ochtin\u00e1 &#8211; zodpovedn\u00fd rie\u0161ite\u013e:doc. Ing. Marian \u0160ofranko, PhD., 2018<\/li>\n<\/ul>\n\n\n\n<ul class=\"wp-block-list\">\n<li>Projekt aplikovan\u00e9ho v\u00fdskumu pre prax &#8211; Bezpe\u010dnostn\u00e1 anal\u00fdza mastencovej bane v Gemerskej Polome &#8211; zodpovedn\u00fd rie\u0161ite\u013e:doc. Ing. Marian \u0160ofranko, PhD., 2017<\/li>\n<\/ul>\n\n\n\n<ul class=\"wp-block-list\">\n<li>Projekt aplikovan\u00e9ho v\u00fdskumu pre prax &#8211; Anal\u00fdza stavu dob\u00fdvacieho priestoru Hos\u0165ovce &#8211; zodpovedn\u00fd rie\u0161ite\u013e:doc. Ing. Marian \u0160ofranko, PhD., 2017<\/li>\n\n\n\n<li>Projekt aplikovan\u00e9ho v\u00fdskumu pre prax &#8211; Grafick\u00fd 3D model pilierov\u00e9ho syst\u00e9mu a vydobyt\u00fdch priestorov Mikovskej \u010dasti bane na magnezitovom lo\u017eisku Jel\u0161ava &#8211; zodpovedn\u00fd rie\u0161ite\u013e: prof. Bauer, 2014<\/li>\n<\/ul>\n\n\n\n<ul class=\"wp-block-list\">\n<li>Projekt aplikovan\u00e9ho v\u00fdskumu pre prax &#8211; Syst\u00e9m geotechnick\u00fdch a seizmick\u00fdch meran\u00ed pre 3D model geotechnickej situ\u00e1cie na magnezitovom lo\u017eisku Jel\u0161ava &#8211; zodpovedn\u00fd rie\u0161ite\u013e: prof. Bauer, 2013<\/li>\n<\/ul>\n\n\n\n<ul class=\"wp-block-list\">\n<li>Projekt aplikovan\u00e9ho v\u00fdskumu pre prax &#8211; Geodetick\u00e9, geotechnick\u00e9 a seizmick\u00e9 merania v syst\u00e9me pilierov a vydobyt\u00fdch priestorov pre potreby modelov\u00fdch rie\u0161en\u00ed na magnezitovom lo\u017eisku Jel\u0161ava &#8211; zodpovedn\u00fd rie\u0161ite\u013e: prof. Bauer, 2012<\/li>\n<\/ul>\n\n\n\n<ul class=\"wp-block-list\">\n<li>Projekt aplikovan\u00e9ho v\u00fdskumu pre prax &#8211; Geomechanick\u00e9 a geotechnick\u00e9 podmienky dob\u00fdvania magnezitov\u00e9ho lo\u017eiska SMZ, a.s. Jel\u0161ava &#8211; D\u00fabravsk\u00e1 a Mikovsk\u00e1 \u010das\u0165&nbsp; &#8211; zodpovedn\u00fd rie\u0161ite\u013e: prof. Bauer, 2012<\/li>\n<\/ul>\n\n\n\n<ul class=\"wp-block-list\">\n<li>Projekt aplikovan\u00e9ho v\u00fdskumu pre prax &#8211; N\u00e1vrh parametrov dob\u00fdvacej met\u00f3dy pre lo\u017eisko sadrovca &#8211; anhydritu Gemersk\u00e1 H\u00f4rka &#8211; zodpovedn\u00fd rie\u0161ite\u013e: prof. Bauer, 2008<\/li>\n<\/ul>\n\n\n\n<ul class=\"wp-block-list\">\n<li>Projekt aplikovan\u00e9ho v\u00fdskumu pre prax &#8211; Environment\u00e1lne vplyvy dob\u00fdvania 2. rudnej polohy zrudnenia U &#8211; Mo na lo\u017eisku Novovesk\u00e1 Huta &#8211; zodpovedn\u00fd rie\u0161ite\u013e: prof. Bauer, 2007<\/li>\n<\/ul>\n\n\n\n<ul class=\"wp-block-list\">\n<li>Projekt aplikovan\u00e9ho v\u00fdskumu pre prax &#8211; Rie\u0161enie postupu dob\u00fdvania magnezitovej suroviny pod \u00farov\u0148ou 323 m n. m. na lo\u017eisku D\u00fabravsk\u00fd mas\u00edv &#8211; SMZ, a.s. Jel\u0161ava &#8211; zodpovedn\u00fd rie\u0161ite\u013e: prof. Bauer, 2006<\/li>\n<\/ul>\n\n\n\n<ul class=\"wp-block-list\">\n<li>Projekt aplikovan\u00e9ho v\u00fdskumu pre prax &#8211; Dob\u00fdvanie z\u00e1sob magnezitu na \u00farovni 220 m n. m. &#8211; technol\u00f3gie, met\u00f3dy a syst\u00e9my dob\u00fdvania &#8211; zodpovedn\u00fd rie\u0161ite\u013e: prof. Bauer, 2006<\/li>\n<\/ul>\n\n\n\n<ul class=\"wp-block-list\">\n<li>Projekt aplikovan\u00e9ho v\u00fdskumu pre prax &#8211; N\u00e1vrh rie\u0161enia vydobytia geologick\u00fdch z\u00e1sob sektoru B s oh\u013eadom na v\u00fdpo\u010det stabilitn\u00fdch podmienok &#8211; zodpovedn\u00fd rie\u0161ite\u013e: prof. Bauer, 2005.<\/li>\n<\/ul>\n","protected":false},"excerpt":{"rendered":"<p>Vybran\u00e9 projekty rie\u0161en\u00e9 pracovn\u00edkmi Oddelenia mont\u00e1nnych diel:<\/p>\n","protected":false},"author":1,"featured_media":0,"parent":0,"menu_order":0,"comment_status":"closed","ping_status":"closed","template":"","meta":{"footnotes":""},"class_list":["post-11","page","type-page","status-publish","hentry"],"_links":{"self":[{"href":"https:\/\/omv.uzz.fberg.tuke.sk\/index.php\/wp-json\/wp\/v2\/pages\/11","targetHints":{"allow":["GET"]}}],"collection":[{"href":"https:\/\/omv.uzz.fberg.tuke.sk\/index.php\/wp-json\/wp\/v2\/pages"}],"about":[{"href":"https:\/\/omv.uzz.fberg.tuke.sk\/index.php\/wp-json\/wp\/v2\/types\/page"}],"author":[{"embeddable":true,"href":"https:\/\/omv.uzz.fberg.tuke.sk\/index.php\/wp-json\/wp\/v2\/users\/1"}],"replies":[{"embeddable":true,"href":"https:\/\/omv.uzz.fberg.tuke.sk\/index.php\/wp-json\/wp\/v2\/comments?post=11"}],"version-history":[{"count":4,"href":"https:\/\/omv.uzz.fberg.tuke.sk\/index.php\/wp-json\/wp\/v2\/pages\/11\/revisions"}],"predecessor-version":[{"id":181,"href":"https:\/\/omv.uzz.fberg.tuke.sk\/index.php\/wp-json\/wp\/v2\/pages\/11\/revisions\/181"}],"wp:attachment":[{"href":"https:\/\/omv.uzz.fberg.tuke.sk\/index.php\/wp-json\/wp\/v2\/media?parent=11"}],"curies":[{"name":"wp","href":"https:\/\/api.w.org\/{rel}","templated":true}]}}