{"id":184,"date":"2023-07-13T09:38:42","date_gmt":"2023-07-13T09:38:42","guid":{"rendered":"https:\/\/omv.uzz.fberg.tuke.sk\/?page_id=184"},"modified":"2023-07-14T09:58:18","modified_gmt":"2023-07-14T09:58:18","slug":"laboratorium-pracovneho-prostredia-a-bezpecnosti","status":"publish","type":"page","link":"https:\/\/omv.uzz.fberg.tuke.sk\/index.php\/vybavenie\/laboratorium-pracovneho-prostredia-a-bezpecnosti\/","title":{"rendered":"Laborat\u00f3rium a\u00a0v\u00fdskumn\u00e1 hala geomechaniky"},"content":{"rendered":"\n<p>Park Komensk\u00e9ho 19, Ko\u0161ice<\/p>\n\n\n\n<p>Zodpovedn\u00fd za laborat\u00f3rium: <strong>Ing. Jozef \u010camb\u00e1l, PhD.<\/strong><\/p>\n\n\n\n<p><strong>Charakteristika laborat\u00f3ria:<\/strong> Laborat\u00f3rium a v\u00fdskumn\u00e1 hala geomechaniky je vybaven\u00e1 \u0161irok\u00fdm spektrom pr\u00edstrojov a aparat\u00far na stanovenie vlastnost\u00ed horn\u00edn a horninov\u00e9ho mas\u00edvu. Umo\u017e\u0148uje realizova\u0165 najm\u00e4 laborat\u00f3rne sk\u00fa\u0161ky na sledovanie fyzik\u00e1lno-mechanick\u00fdch a technologick\u00fdch vlastnost\u00ed horn\u00edn. V r\u00e1mci t\u00fdchto priestorov je k dispoz\u00edcii nasledovn\u00e9 technick\u00e9 vybavenie: lisy na \u0165ahov\u00e9 a tlakov\u00e9 sk\u00fa\u0161ky horn\u00edn a stavebn\u00fdch materi\u00e1lov (5t, 60t, 500t), triaxi\u00e1lne zariadenie na tlakov\u00e9 sk\u00fa\u0161ky horn\u00edn, kompletn\u00e9 vybavenie pre stanovenie fyzik\u00e1lno-mechanick\u00fdch vlastnost\u00ed horn\u00edn, krabicov\u00fd pr\u00edstroj na \u0161mykov\u00fa sk\u00fa\u0161ku zem\u00edn, zariadenie pre stanovenie abrazivity horn\u00edn, Casagrandeho pr\u00edstroj, Vasiljevov ku\u017ee\u013e, Oedometre, Brinnelov pr\u00edstroj,&nbsp; digit\u00e1lne odch\u00fdlkomery, odch\u00fdlkomery, dynamometre, stojanov\u00e1 v\u0155ta\u010dka na pr\u00edpravu vzoriek, reza\u010dka Minosecar na pr\u00edpravu vzoriek, mobiln\u00e1 v\u0155ta\u010dka Hilti HD 160, br\u00faska na pr\u00edpravu vzoriek, laborat\u00f3rne v\u00e1hy, su\u0161i\u010dka, mrazni\u010dka. Okrem toho je k dispoz\u00edcii aj v\u00fdpo\u010dtov\u00e1 technika na zaznamen\u00e1vanie nameran\u00fdch hodn\u00f4t. S\u00fa\u010das\u0165ou laborat\u00f3ria je aj softv\u00e9rov\u00e9 vybavenie a to &#8211; DIGIMATIC, STB, GEM 22, FLAC 3D.<\/p>\n\n\n<div class=\"flexslider ewic-slider-lite is_on_\" id=\"ewic-con-41669e9da8a2207e\"><style>#ewic-con-41669e9da8a2207e .flex-direction-nav .flex-next, #ewic-con-41669e9da8a2207e .flex-direction-nav .flex-prev {opacity: 1;} #ewic-con-41669e9da8a2207e .flex-direction-nav .flex-next {right: 10px !important; text-align: right !important;} #ewic-con-41669e9da8a2207e .flex-direction-nav .flex-prev {left: 10px !important;}<\/style><div id=\"preloader-41669e9da8a2207e\" class=\"sliderpreloader\"><\/div><ul style=\"display:none;\" class=\"slides flexslider-41669e9da8a2207e\"><li class=\"ewic-slider\"><a href=\"https:\/\/omv.uzz.fberg.tuke.sk\/wp-content\/uploads\/2023\/07\/Lab_GM_1_1-scaled.jpg\" title=\"Lab_GM_1_1\" rel=\"ewicprettyPhoto[41669e9da8a2207e]\"><img decoding=\"async\" title=\"Lab_GM_1_1\" class=\"ewic-wid-imgs\" src=\"https:\/\/omv.uzz.fberg.tuke.sk\/wp-content\/uploads\/2023\/07\/Lab_GM_1_1-scaled.jpg\" \/><p class=\"flex-caption\">Lab_GM_1_1<\/p><\/a><\/li><li class=\"ewic-slider\"><a href=\"https:\/\/omv.uzz.fberg.tuke.sk\/wp-content\/uploads\/2023\/07\/Lab_GM_2-scaled.jpg\" title=\"Lab_GM_2\" rel=\"ewicprettyPhoto[41669e9da8a2207e]\"><img decoding=\"async\" title=\"Lab_GM_2\" class=\"ewic-wid-imgs\" src=\"https:\/\/omv.uzz.fberg.tuke.sk\/wp-content\/uploads\/2023\/07\/Lab_GM_2-scaled.jpg\" \/><p class=\"flex-caption\">Lab_GM_2<\/p><\/a><\/li><li class=\"ewic-slider\"><a href=\"https:\/\/omv.uzz.fberg.tuke.sk\/wp-content\/uploads\/2023\/07\/Lab_GM_3-1-scaled.jpg\" title=\"Lab_GM_3\" rel=\"ewicprettyPhoto[41669e9da8a2207e]\"><img decoding=\"async\" title=\"Lab_GM_3\" class=\"ewic-wid-imgs\" src=\"https:\/\/omv.uzz.fberg.tuke.sk\/wp-content\/uploads\/2023\/07\/Lab_GM_3-1-scaled.jpg\" \/><p class=\"flex-caption\">Lab_GM_3<\/p><\/a><\/li><li class=\"ewic-slider\"><a href=\"https:\/\/omv.uzz.fberg.tuke.sk\/wp-content\/uploads\/2023\/07\/Lab_GM_4-scaled.jpg\" title=\"Lab_GM_4\" rel=\"ewicprettyPhoto[41669e9da8a2207e]\"><img decoding=\"async\" title=\"Lab_GM_4\" class=\"ewic-wid-imgs\" src=\"https:\/\/omv.uzz.fberg.tuke.sk\/wp-content\/uploads\/2023\/07\/Lab_GM_4-scaled.jpg\" \/><p class=\"flex-caption\">Lab_GM_4<\/p><\/a><\/li><li class=\"ewic-slider\"><a href=\"https:\/\/omv.uzz.fberg.tuke.sk\/wp-content\/uploads\/2023\/07\/Lab_GM_5-1-scaled.jpg\" title=\"Lab_GM_5\" rel=\"ewicprettyPhoto[41669e9da8a2207e]\"><img decoding=\"async\" title=\"Lab_GM_5\" class=\"ewic-wid-imgs\" src=\"https:\/\/omv.uzz.fberg.tuke.sk\/wp-content\/uploads\/2023\/07\/Lab_GM_5-1-scaled.jpg\" \/><p class=\"flex-caption\">Lab_GM_5<\/p><\/a><\/li><li class=\"ewic-slider\"><a href=\"https:\/\/omv.uzz.fberg.tuke.sk\/wp-content\/uploads\/2023\/07\/Lab_GM_6-scaled.jpg\" title=\"Lab_GM_6\" rel=\"ewicprettyPhoto[41669e9da8a2207e]\"><img decoding=\"async\" title=\"Lab_GM_6\" class=\"ewic-wid-imgs\" src=\"https:\/\/omv.uzz.fberg.tuke.sk\/wp-content\/uploads\/2023\/07\/Lab_GM_6-scaled.jpg\" \/><p class=\"flex-caption\">Lab_GM_6<\/p><\/a><\/li><li class=\"ewic-slider\"><a href=\"https:\/\/omv.uzz.fberg.tuke.sk\/wp-content\/uploads\/2023\/07\/Lab_GM_7-1-scaled.jpg\" title=\"Lab_GM_7\" rel=\"ewicprettyPhoto[41669e9da8a2207e]\"><img decoding=\"async\" title=\"Lab_GM_7\" class=\"ewic-wid-imgs\" src=\"https:\/\/omv.uzz.fberg.tuke.sk\/wp-content\/uploads\/2023\/07\/Lab_GM_7-1-scaled.jpg\" \/><p class=\"flex-caption\">Lab_GM_7<\/p><\/a><\/li><li class=\"ewic-slider\"><a href=\"https:\/\/omv.uzz.fberg.tuke.sk\/wp-content\/uploads\/2023\/07\/Lab_GM_8-scaled.jpg\" title=\"Lab_GM_8\" rel=\"ewicprettyPhoto[41669e9da8a2207e]\"><img decoding=\"async\" title=\"Lab_GM_8\" class=\"ewic-wid-imgs\" src=\"https:\/\/omv.uzz.fberg.tuke.sk\/wp-content\/uploads\/2023\/07\/Lab_GM_8-scaled.jpg\" \/><p class=\"flex-caption\">Lab_GM_8<\/p><\/a><\/li><li class=\"ewic-slider\"><a href=\"https:\/\/omv.uzz.fberg.tuke.sk\/wp-content\/uploads\/2023\/07\/Lab_GM_9-1-scaled.jpg\" title=\"Lab_GM_9\" rel=\"ewicprettyPhoto[41669e9da8a2207e]\"><img decoding=\"async\" title=\"Lab_GM_9\" class=\"ewic-wid-imgs\" src=\"https:\/\/omv.uzz.fberg.tuke.sk\/wp-content\/uploads\/2023\/07\/Lab_GM_9-1-scaled.jpg\" \/><p class=\"flex-caption\">Lab_GM_9<\/p><\/a><\/li><li class=\"ewic-slider\"><a href=\"https:\/\/omv.uzz.fberg.tuke.sk\/wp-content\/uploads\/2023\/07\/Lab_GM_10-scaled.jpg\" title=\"Lab_GM_10\" rel=\"ewicprettyPhoto[41669e9da8a2207e]\"><img decoding=\"async\" title=\"Lab_GM_10\" class=\"ewic-wid-imgs\" src=\"https:\/\/omv.uzz.fberg.tuke.sk\/wp-content\/uploads\/2023\/07\/Lab_GM_10-scaled.jpg\" \/><p class=\"flex-caption\">Lab_GM_10<\/p><\/a><\/li><li class=\"ewic-slider\"><a href=\"https:\/\/omv.uzz.fberg.tuke.sk\/wp-content\/uploads\/2023\/07\/Lab_GM_11-1-scaled.jpg\" title=\"Lab_GM_11\" rel=\"ewicprettyPhoto[41669e9da8a2207e]\"><img decoding=\"async\" title=\"Lab_GM_11\" class=\"ewic-wid-imgs\" src=\"https:\/\/omv.uzz.fberg.tuke.sk\/wp-content\/uploads\/2023\/07\/Lab_GM_11-1-scaled.jpg\" \/><p class=\"flex-caption\">Lab_GM_11<\/p><\/a><\/li><\/ul><script type=\"text\/javascript\">\r\n\tjQuery(document).ready(function($) {\r\n\r\n\t\t$(\"#preloader-41669e9da8a2207e\").fadeOut(500, function () {\r\n\r\n\t\t\t$(\"#ewic-con-41669e9da8a2207e\").addClass(\"ready_to_show\");\r\n\r\n\t\t\t$(\"a[rel^='ewicprettyPhoto[41669e9da8a2207e]']\").ewcPhoto({\r\n\t\t\t\ttheme: \"ewc_default\",\r\n\t\t\t\tallow_expand: false,\r\n\t\t\t\tdeeplinking: false,\r\n\t\t\t\tslideshow:5000,\r\n\t\t\t\tautoplay_slideshow:true,\r\n\t\t\t\tsocial_tools:false\r\n\t\t\t});\r\n\r\n\t\t\t$(\".flexslider-41669e9da8a2207e\").fadeIn(300);\r\n\r\n\t\t\t$(\"#ewic-con-41669e9da8a2207e\").flexslider({\r\n\t\t\t\tanimation: \"slide\",\r\n\t\t\t\tanimationSpeed: 0,\r\n\t\t\t\tuseCSS: false,\r\n\t\t\t\teasing: \"easeInQuad\",\r\n\t\t\t\tdirection: \"horizontal\",\r\n\t\t\t\tslideshow: true,\r\n\t\t\t\tsmoothHeight: true,\r\n\t\t\t\tpauseOnHover: true,\r\n\t\t\t\tcontrolNav: false,\r\n\t\t\t\tprevText: \"\",\r\n\t\t\t\tnextText: \"\",\r\n\t\t\t\trtl: false,\r\n\t\t\t\tslideshowSpeed: 5000,\r\n\t\t\t\tstart: function(slider){\r\n\t\t\t\t\t$(\"#ewic-con-41669e9da8a2207e\").find(\".flex-caption\").hide();\r\n\t\t\t\t\tvar curSlide = slider.find(\"li.flex-active-slide\");\r\n\t\t\t\t\t$(curSlide).find(\".flex-caption\").slideDown();\r\n\t\t\t\t},\r\n\t\t\t\tbefore: function(slider) {\r\n\t\t\t\t\t$(\"#ewic-con-41669e9da8a2207e\").find(\".flex-caption\").slideUp();\r\n\t\t\t\t},\r\n\t\t\t\tafter: function(slider) {\r\n\t\t\t\t\tvar curSlide = slider.find(\"li.flex-active-slide\");\r\n\t\t\t\t\t$(curSlide).find(\".flex-caption\").slideDown();\r\n\t\t\t\t}\r\n\r\n\t\t\t});\r\n\r\n\t\t});\r\n\r\n\t});\r\n<\/script><\/div>\r\n","protected":false},"excerpt":{"rendered":"<p>Park Komensk\u00e9ho 19, Ko\u0161ice Zodpovedn\u00fd za laborat\u00f3rium: Ing. Jozef \u010camb\u00e1l, PhD. Charakteristika laborat\u00f3ria: Laborat\u00f3rium a v\u00fdskumn\u00e1 hala geomechaniky je vybaven\u00e1 \u0161irok\u00fdm spektrom pr\u00edstrojov a aparat\u00far na stanovenie vlastnost\u00ed horn\u00edn a horninov\u00e9ho mas\u00edvu. Umo\u017e\u0148uje realizova\u0165 najm\u00e4 laborat\u00f3rne sk\u00fa\u0161ky na sledovanie fyzik\u00e1lno-mechanick\u00fdch&hellip; <\/p>\n","protected":false},"author":1,"featured_media":0,"parent":10,"menu_order":0,"comment_status":"closed","ping_status":"closed","template":"","meta":{"footnotes":""},"class_list":["post-184","page","type-page","status-publish","hentry"],"_links":{"self":[{"href":"https:\/\/omv.uzz.fberg.tuke.sk\/index.php\/wp-json\/wp\/v2\/pages\/184","targetHints":{"allow":["GET"]}}],"collection":[{"href":"https:\/\/omv.uzz.fberg.tuke.sk\/index.php\/wp-json\/wp\/v2\/pages"}],"about":[{"href":"https:\/\/omv.uzz.fberg.tuke.sk\/index.php\/wp-json\/wp\/v2\/types\/page"}],"author":[{"embeddable":true,"href":"https:\/\/omv.uzz.fberg.tuke.sk\/index.php\/wp-json\/wp\/v2\/users\/1"}],"replies":[{"embeddable":true,"href":"https:\/\/omv.uzz.fberg.tuke.sk\/index.php\/wp-json\/wp\/v2\/comments?post=184"}],"version-history":[{"count":5,"href":"https:\/\/omv.uzz.fberg.tuke.sk\/index.php\/wp-json\/wp\/v2\/pages\/184\/revisions"}],"predecessor-version":[{"id":433,"href":"https:\/\/omv.uzz.fberg.tuke.sk\/index.php\/wp-json\/wp\/v2\/pages\/184\/revisions\/433"}],"up":[{"embeddable":true,"href":"https:\/\/omv.uzz.fberg.tuke.sk\/index.php\/wp-json\/wp\/v2\/pages\/10"}],"wp:attachment":[{"href":"https:\/\/omv.uzz.fberg.tuke.sk\/index.php\/wp-json\/wp\/v2\/media?parent=184"}],"curies":[{"name":"wp","href":"https:\/\/api.w.org\/{rel}","templated":true}]}}